{"id":3431,"date":"2025-05-06T16:05:20","date_gmt":"2025-05-06T19:05:20","guid":{"rendered":"https:\/\/igrejafamilialimeira.com.br\/site\/?page_id=3431"},"modified":"2025-05-06T16:05:23","modified_gmt":"2025-05-06T19:05:23","slug":"nossos-valores","status":"publish","type":"page","link":"https:\/\/igrejafamilialimeira.com.br\/site\/nossos-valores\/","title":{"rendered":"Nossos Valores"},"content":{"rendered":"\n<p><em>Guiados pela presen\u00e7a. Firmados em princ\u00edpios eternos.<\/em><\/p>\n\n\n\n<p>Na Igreja 100% Fam\u00edlia, <strong>a presen\u00e7a de Deus \u00e9 o centro de tudo<\/strong>.<br>Ela nos guia, nos transforma e nos envia.<\/p>\n\n\n\n<p><strong>Cremos na Palavra<\/strong> como verdade absoluta e fundamento para a vida.<br><strong>Vivemos em unidade<\/strong>, como uma fam\u00edlia de todas as gera\u00e7\u00f5es, onde cada pessoa \u00e9 acolhida, amada e desafiada a crescer.<\/p>\n\n\n\n<p><strong>Valorizamos a ora\u00e7\u00e3o<\/strong>, n\u00e3o como ritual, mas como relacionamento vivo com o Pai.<br><strong>Servimos com excel\u00eancia<\/strong>, porque tudo o que fazemos \u00e9 para a gl\u00f3ria de Deus.<br><strong>Pregamos o evangelho com ousadia e amor<\/strong>, levando a mensagem da cruz a todos os lugares, cumprindo o IDE de Jesus.<\/p>\n\n\n\n<p><strong>Nosso compromisso \u00e9 com a verdade e com a presen\u00e7a.<\/strong><br>N\u00e3o nos movemos por interesses, mas pela dire\u00e7\u00e3o do Esp\u00edrito.<\/p>\n\n\n\n<p><strong>Igreja 100% Fam\u00edlia \u2014 Uma Igreja para todas as gera\u00e7\u00f5es, unida em Cristo.<\/strong><\/p>\n\n\n\n<p><\/p>\n","protected":false},"excerpt":{"rendered":"<p>Guiados pela presen\u00e7a. Firmados em princ\u00edpios eternos. Na Igreja 100% Fam\u00edlia, a presen\u00e7a de Deus \u00e9 o centro de tudo.Ela nos guia, nos transforma e [&hellip;]<\/p>\n","protected":false},"author":1,"featured_media":0,"parent":0,"menu_order":0,"comment_status":"closed","ping_status":"closed","template":"","meta":{"advanced_seo_description":"","jetpack_seo_html_title":"","jetpack_seo_noindex":false,"footnotes":""},"class_list":["post-3431","page","type-page","status-publish","hentry"],"jetpack_sharing_enabled":true,"jetpack-related-posts":[],"jetpack_shortlink":"https:\/\/wp.me\/PgkQBV-Tl","_links":{"self":[{"href":"https:\/\/igrejafamilialimeira.com.br\/site\/wp-json\/wp\/v2\/pages\/3431","targetHints":{"allow":["GET"]}}],"collection":[{"href":"https:\/\/igrejafamilialimeira.com.br\/site\/wp-json\/wp\/v2\/pages"}],"about":[{"href":"https:\/\/igrejafamilialimeira.com.br\/site\/wp-json\/wp\/v2\/types\/page"}],"author":[{"embeddable":true,"href":"https:\/\/igrejafamilialimeira.com.br\/site\/wp-json\/wp\/v2\/users\/1"}],"replies":[{"embeddable":true,"href":"https:\/\/igrejafamilialimeira.com.br\/site\/wp-json\/wp\/v2\/comments?post=3431"}],"version-history":[{"count":1,"href":"https:\/\/igrejafamilialimeira.com.br\/site\/wp-json\/wp\/v2\/pages\/3431\/revisions"}],"predecessor-version":[{"id":3432,"href":"https:\/\/igrejafamilialimeira.com.br\/site\/wp-json\/wp\/v2\/pages\/3431\/revisions\/3432"}],"wp:attachment":[{"href":"https:\/\/igrejafamilialimeira.com.br\/site\/wp-json\/wp\/v2\/media?parent=3431"}],"curies":[{"name":"wp","href":"https:\/\/api.w.org\/{rel}","templated":true}]}}