{"id":3429,"date":"2025-05-06T16:03:56","date_gmt":"2025-05-06T19:03:56","guid":{"rendered":"https:\/\/igrejafamilialimeira.com.br\/site\/?page_id=3429"},"modified":"2025-05-06T16:03:59","modified_gmt":"2025-05-06T19:03:59","slug":"nossa-visao","status":"publish","type":"page","link":"https:\/\/igrejafamilialimeira.com.br\/site\/nossa-visao\/","title":{"rendered":"Nossa vis\u00e3o"},"content":{"rendered":"\n<blockquote class=\"wp-block-quote is-layout-flow wp-block-quote-is-layout-flow\">\n<p>\u201cQuando a nuvem se levantava de sobre o tabern\u00e1culo, os filhos de Israel caminhavam; mas, se a nuvem n\u00e3o se levantava, n\u00e3o caminhavam, at\u00e9 o dia em que ela se levantava.\u201d \u2013 \u00caxodo 40:36-37<\/p>\n<\/blockquote>\n\n\n\n<p>Na Igreja 100% Fam\u00edlia, <strong>nossa vis\u00e3o \u00e9 caminhar conforme a dire\u00e7\u00e3o da presen\u00e7a de Deus<\/strong>. Assim como o povo de Israel s\u00f3 se movia quando a nuvem se movia, n\u00f3s escolhemos ser guiados, todos os dias, pela voz e pela vontade do Senhor.<\/p>\n\n\n\n<p><strong>N\u00e3o nos movemos por emo\u00e7\u00e3o, estrat\u00e9gia ou tradi\u00e7\u00e3o \u2014 nos movemos pela presen\u00e7a.<\/strong><br>Ela \u00e9 o nosso norte, nossa for\u00e7a e nossa dire\u00e7\u00e3o.<\/p>\n\n\n\n<p>Somos uma igreja de todas as gera\u00e7\u00f5es, unida em Cristo, que entende que sem Ele n\u00e3o vamos a lugar algum.<br>Mas com Ele, vamos at\u00e9 os confins da terra, cumprindo o IDE, restaurando fam\u00edlias, e levando esperan\u00e7a onde h\u00e1 dor.<\/p>\n\n\n\n<p>Enquanto a presen\u00e7a estiver conosco, n\u00f3s avan\u00e7amos com f\u00e9.<br>E quando Ele diz: \u201cEsperem\u201d, n\u00f3s confiamos e permanecemos firmes.<\/p>\n\n\n\n<p><strong>Igreja 100% Fam\u00edlia \u2014 Uma Igreja para todas as gera\u00e7\u00f5es, unida em Cristo. Sempre guiada pela presen\u00e7a.<\/strong><\/p>\n","protected":false},"excerpt":{"rendered":"<p>\u201cQuando a nuvem se levantava de sobre o tabern\u00e1culo, os filhos de Israel caminhavam; mas, se a nuvem n\u00e3o se levantava, n\u00e3o caminhavam, at\u00e9 o [&hellip;]<\/p>\n","protected":false},"author":1,"featured_media":0,"parent":0,"menu_order":0,"comment_status":"closed","ping_status":"closed","template":"","meta":{"advanced_seo_description":"","jetpack_seo_html_title":"","jetpack_seo_noindex":false,"footnotes":""},"class_list":["post-3429","page","type-page","status-publish","hentry"],"jetpack_sharing_enabled":true,"jetpack-related-posts":[],"jetpack_shortlink":"https:\/\/wp.me\/PgkQBV-Tj","_links":{"self":[{"href":"https:\/\/igrejafamilialimeira.com.br\/site\/wp-json\/wp\/v2\/pages\/3429","targetHints":{"allow":["GET"]}}],"collection":[{"href":"https:\/\/igrejafamilialimeira.com.br\/site\/wp-json\/wp\/v2\/pages"}],"about":[{"href":"https:\/\/igrejafamilialimeira.com.br\/site\/wp-json\/wp\/v2\/types\/page"}],"author":[{"embeddable":true,"href":"https:\/\/igrejafamilialimeira.com.br\/site\/wp-json\/wp\/v2\/users\/1"}],"replies":[{"embeddable":true,"href":"https:\/\/igrejafamilialimeira.com.br\/site\/wp-json\/wp\/v2\/comments?post=3429"}],"version-history":[{"count":1,"href":"https:\/\/igrejafamilialimeira.com.br\/site\/wp-json\/wp\/v2\/pages\/3429\/revisions"}],"predecessor-version":[{"id":3430,"href":"https:\/\/igrejafamilialimeira.com.br\/site\/wp-json\/wp\/v2\/pages\/3429\/revisions\/3430"}],"wp:attachment":[{"href":"https:\/\/igrejafamilialimeira.com.br\/site\/wp-json\/wp\/v2\/media?parent=3429"}],"curies":[{"name":"wp","href":"https:\/\/api.w.org\/{rel}","templated":true}]}}