{"id":3278,"date":"2025-01-31T16:22:07","date_gmt":"2025-01-31T19:22:07","guid":{"rendered":"https:\/\/igrejafamilialimeira.com.br\/site\/?page_id=3278"},"modified":"2025-01-31T16:46:58","modified_gmt":"2025-01-31T19:46:58","slug":"igreja-da-crianca","status":"publish","type":"page","link":"https:\/\/igrejafamilialimeira.com.br\/site\/igreja-da-crianca\/","title":{"rendered":"Igreja da Crian\u00e7a"},"content":{"rendered":"\t\t<div data-elementor-type=\"wp-page\" data-elementor-id=\"3278\" class=\"elementor elementor-3278\" data-elementor-post-type=\"page\">\n\t\t\t\t<div class=\"elementor-element elementor-element-92ba647 e-flex e-con-boxed e-con e-parent\" data-id=\"92ba647\" data-element_type=\"container\" data-e-type=\"container\">\n\t\t\t\t\t<div class=\"e-con-inner\">\n\t\t\t\t<div class=\"elementor-element elementor-element-090391e elementor-widget elementor-widget-heading\" data-id=\"090391e\" data-element_type=\"widget\" data-e-type=\"widget\" data-widget_type=\"heading.default\">\n\t\t\t\t<div class=\"elementor-widget-container\">\n\t\t\t\t\t<h2 class=\"elementor-heading-title elementor-size-default\">Igreja da Crian\u00e7a \u2013 Um Lugar Especial para os Pequenos<\/h2>\t\t\t\t<\/div>\n\t\t\t\t<\/div>\n\t\t\t\t<div class=\"elementor-element elementor-element-0c209d2 elementor-widget elementor-widget-text-editor\" data-id=\"0c209d2\" data-element_type=\"widget\" data-e-type=\"widget\" data-widget_type=\"text-editor.default\">\n\t\t\t\t<div class=\"elementor-widget-container\">\n\t\t\t\t\t\t\t\t\t<p>A <strong>Igreja da Crian\u00e7a<\/strong> \u00e9 um espa\u00e7o preparado com carinho para que os pequenos tenham uma experi\u00eancia incr\u00edvel com Deus! Durante os cultos de quarta e domingo, nossas crian\u00e7as participam de momentos de aprendizado, louvor e divers\u00e3o, sempre com uma linguagem acess\u00edvel e envolvente, pensada especialmente para elas.<\/p><p>Com o acompanhamento de professoras especializadas no cuidado e na educa\u00e7\u00e3o infantil, cada crian\u00e7a \u00e9 incentivada a crescer na f\u00e9 e a desenvolver valores crist\u00e3os de forma l\u00fadica e interativa. Acreditamos que elas n\u00e3o s\u00e3o apenas o futuro da igreja, mas tamb\u00e9m o presente, e por isso investimos em um ambiente seguro e cheio de amor para que possam aprender mais sobre Jesus.<\/p><p>\ud83d\udccd <strong>Quando?<\/strong> Durante os cultos de quarta e domingo<br \/>\ud83d\udccd <strong>Onde?<\/strong> Igreja 100% Fam\u00edlia<\/p><p>Traga seu filho para viver essa experi\u00eancia e crescer no conhecimento de Deus de forma leve e divertida!<\/p>\t\t\t\t\t\t\t\t<\/div>\n\t\t\t\t<\/div>\n\t\t\t\t<div class=\"elementor-element elementor-element-e09a77c gallery-spacing-custom elementor-widget elementor-widget-image-gallery\" data-id=\"e09a77c\" data-element_type=\"widget\" data-e-type=\"widget\" data-widget_type=\"image-gallery.default\">\n\t\t\t\t<div class=\"elementor-widget-container\">\n\t\t\t\t\t\t\t<div class=\"elementor-image-gallery\">\n\t\t\t<div id='gallery-1' class='gallery galleryid-3278 gallery-columns-4 gallery-size-medium'><figure class='gallery-item'>\n\t\t\t<div class='gallery-icon landscape'>\n\t\t\t\t<a data-elementor-open-lightbox=\"yes\" data-elementor-lightbox-slideshow=\"e09a77c\" data-elementor-lightbox-title=\"19.01.25-18\" data-e-action-hash=\"#elementor-action%3Aaction%3Dlightbox%26settings%3DeyJpZCI6MzI5OCwidXJsIjoiaHR0cHM6XC9cL2lncmVqYWZhbWlsaWFsaW1laXJhLmNvbS5iclwvc2l0ZVwvd3AtY29udGVudFwvdXBsb2Fkc1wvMjAyNVwvMDFcLzE5LjAxLjI1LTE4LTEuanBnIiwic2xpZGVzaG93IjoiZTA5YTc3YyJ9\" href=\"https:\/\/i0.wp.com\/igrejafamilialimeira.com.br\/site\/wp-content\/uploads\/2025\/01\/19.01.25-18-1.jpg?ssl=1\"><img fetchpriority=\"high\" width=\"300\" height=\"200\" src=\"https:\/\/i0.wp.com\/igrejafamilialimeira.com.br\/site\/wp-content\/uploads\/2025\/01\/19.01.25-18-1.jpg?fit=300%2C200&amp;ssl=1\" class=\"attachment-medium size-medium\" alt=\"\" decoding=\"async\" srcset=\"https:\/\/i0.wp.com\/igrejafamilialimeira.com.br\/site\/wp-content\/uploads\/2025\/01\/19.01.25-18-1.jpg?w=2048&amp;ssl=1 2048w, https:\/\/i0.wp.com\/igrejafamilialimeira.com.br\/site\/wp-content\/uploads\/2025\/01\/19.01.25-18-1.jpg?resize=300%2C200&amp;ssl=1 300w, https:\/\/i0.wp.com\/igrejafamilialimeira.com.br\/site\/wp-content\/uploads\/2025\/01\/19.01.25-18-1.jpg?resize=1024%2C683&amp;ssl=1 1024w, https:\/\/i0.wp.com\/igrejafamilialimeira.com.br\/site\/wp-content\/uploads\/2025\/01\/19.01.25-18-1.jpg?resize=768%2C512&amp;ssl=1 768w, https:\/\/i0.wp.com\/igrejafamilialimeira.com.br\/site\/wp-content\/uploads\/2025\/01\/19.01.25-18-1.jpg?resize=600%2C400&amp;ssl=1 600w, https:\/\/i0.wp.com\/igrejafamilialimeira.com.br\/site\/wp-content\/uploads\/2025\/01\/19.01.25-18-1.jpg?resize=1536%2C1024&amp;ssl=1 1536w, https:\/\/i0.wp.com\/igrejafamilialimeira.com.br\/site\/wp-content\/uploads\/2025\/01\/19.01.25-18-1.jpg?resize=958%2C639&amp;ssl=1 958w, https:\/\/i0.wp.com\/igrejafamilialimeira.com.br\/site\/wp-content\/uploads\/2025\/01\/19.01.25-18-1.jpg?w=1360&amp;ssl=1 1360w\" sizes=\"(max-width: 300px) 100vw, 300px\" \/><\/a>\n\t\t\t<\/div><\/figure><figure class='gallery-item'>\n\t\t\t<div class='gallery-icon landscape'>\n\t\t\t\t<a data-elementor-open-lightbox=\"yes\" data-elementor-lightbox-slideshow=\"e09a77c\" data-elementor-lightbox-title=\"26.01.25-12\" data-e-action-hash=\"#elementor-action%3Aaction%3Dlightbox%26settings%3DeyJpZCI6MzMwMSwidXJsIjoiaHR0cHM6XC9cL2lncmVqYWZhbWlsaWFsaW1laXJhLmNvbS5iclwvc2l0ZVwvd3AtY29udGVudFwvdXBsb2Fkc1wvMjAyNVwvMDFcLzI2LjAxLjI1LTEyLmpwZyIsInNsaWRlc2hvdyI6ImUwOWE3N2MifQ%3D%3D\" href=\"https:\/\/i0.wp.com\/igrejafamilialimeira.com.br\/site\/wp-content\/uploads\/2025\/01\/26.01.25-12.jpg?ssl=1\"><img width=\"300\" height=\"200\" src=\"https:\/\/i0.wp.com\/igrejafamilialimeira.com.br\/site\/wp-content\/uploads\/2025\/01\/26.01.25-12.jpg?fit=300%2C200&amp;ssl=1\" class=\"attachment-medium size-medium\" alt=\"\" decoding=\"async\" srcset=\"https:\/\/i0.wp.com\/igrejafamilialimeira.com.br\/site\/wp-content\/uploads\/2025\/01\/26.01.25-12.jpg?w=2048&amp;ssl=1 2048w, https:\/\/i0.wp.com\/igrejafamilialimeira.com.br\/site\/wp-content\/uploads\/2025\/01\/26.01.25-12.jpg?resize=300%2C200&amp;ssl=1 300w, https:\/\/i0.wp.com\/igrejafamilialimeira.com.br\/site\/wp-content\/uploads\/2025\/01\/26.01.25-12.jpg?resize=1024%2C683&amp;ssl=1 1024w, https:\/\/i0.wp.com\/igrejafamilialimeira.com.br\/site\/wp-content\/uploads\/2025\/01\/26.01.25-12.jpg?resize=768%2C512&amp;ssl=1 768w, https:\/\/i0.wp.com\/igrejafamilialimeira.com.br\/site\/wp-content\/uploads\/2025\/01\/26.01.25-12.jpg?resize=600%2C400&amp;ssl=1 600w, https:\/\/i0.wp.com\/igrejafamilialimeira.com.br\/site\/wp-content\/uploads\/2025\/01\/26.01.25-12.jpg?resize=1536%2C1024&amp;ssl=1 1536w, https:\/\/i0.wp.com\/igrejafamilialimeira.com.br\/site\/wp-content\/uploads\/2025\/01\/26.01.25-12.jpg?resize=958%2C639&amp;ssl=1 958w, https:\/\/i0.wp.com\/igrejafamilialimeira.com.br\/site\/wp-content\/uploads\/2025\/01\/26.01.25-12.jpg?w=1360&amp;ssl=1 1360w\" sizes=\"(max-width: 300px) 100vw, 300px\" \/><\/a>\n\t\t\t<\/div><\/figure><figure class='gallery-item'>\n\t\t\t<div class='gallery-icon landscape'>\n\t\t\t\t<a data-elementor-open-lightbox=\"yes\" data-elementor-lightbox-slideshow=\"e09a77c\" data-elementor-lightbox-title=\"26.01.25-9\" data-e-action-hash=\"#elementor-action%3Aaction%3Dlightbox%26settings%3DeyJpZCI6MzMwMywidXJsIjoiaHR0cHM6XC9cL2lncmVqYWZhbWlsaWFsaW1laXJhLmNvbS5iclwvc2l0ZVwvd3AtY29udGVudFwvdXBsb2Fkc1wvMjAyNVwvMDFcLzI2LjAxLjI1LTkuanBnIiwic2xpZGVzaG93IjoiZTA5YTc3YyJ9\" href=\"https:\/\/i0.wp.com\/igrejafamilialimeira.com.br\/site\/wp-content\/uploads\/2025\/01\/26.01.25-9.jpg?ssl=1\"><img width=\"300\" height=\"200\" src=\"https:\/\/i0.wp.com\/igrejafamilialimeira.com.br\/site\/wp-content\/uploads\/2025\/01\/26.01.25-9.jpg?fit=300%2C200&amp;ssl=1\" class=\"attachment-medium size-medium\" alt=\"\" decoding=\"async\" srcset=\"https:\/\/i0.wp.com\/igrejafamilialimeira.com.br\/site\/wp-content\/uploads\/2025\/01\/26.01.25-9.jpg?w=2048&amp;ssl=1 2048w, https:\/\/i0.wp.com\/igrejafamilialimeira.com.br\/site\/wp-content\/uploads\/2025\/01\/26.01.25-9.jpg?resize=300%2C200&amp;ssl=1 300w, https:\/\/i0.wp.com\/igrejafamilialimeira.com.br\/site\/wp-content\/uploads\/2025\/01\/26.01.25-9.jpg?resize=1024%2C683&amp;ssl=1 1024w, https:\/\/i0.wp.com\/igrejafamilialimeira.com.br\/site\/wp-content\/uploads\/2025\/01\/26.01.25-9.jpg?resize=768%2C512&amp;ssl=1 768w, https:\/\/i0.wp.com\/igrejafamilialimeira.com.br\/site\/wp-content\/uploads\/2025\/01\/26.01.25-9.jpg?resize=600%2C400&amp;ssl=1 600w, https:\/\/i0.wp.com\/igrejafamilialimeira.com.br\/site\/wp-content\/uploads\/2025\/01\/26.01.25-9.jpg?resize=1536%2C1024&amp;ssl=1 1536w, https:\/\/i0.wp.com\/igrejafamilialimeira.com.br\/site\/wp-content\/uploads\/2025\/01\/26.01.25-9.jpg?resize=958%2C639&amp;ssl=1 958w, https:\/\/i0.wp.com\/igrejafamilialimeira.com.br\/site\/wp-content\/uploads\/2025\/01\/26.01.25-9.jpg?w=1360&amp;ssl=1 1360w\" sizes=\"(max-width: 300px) 100vw, 300px\" \/><\/a>\n\t\t\t<\/div><\/figure><figure class='gallery-item'>\n\t\t\t<div class='gallery-icon landscape'>\n\t\t\t\t<a data-elementor-open-lightbox=\"yes\" data-elementor-lightbox-slideshow=\"e09a77c\" data-elementor-lightbox-title=\"12.01.25-37\" data-e-action-hash=\"#elementor-action%3Aaction%3Dlightbox%26settings%3DeyJpZCI6MzMwMCwidXJsIjoiaHR0cHM6XC9cL2lncmVqYWZhbWlsaWFsaW1laXJhLmNvbS5iclwvc2l0ZVwvd3AtY29udGVudFwvdXBsb2Fkc1wvMjAyNVwvMDFcLzEyLjAxLjI1LTM3LmpwZyIsInNsaWRlc2hvdyI6ImUwOWE3N2MifQ%3D%3D\" href=\"https:\/\/i0.wp.com\/igrejafamilialimeira.com.br\/site\/wp-content\/uploads\/2025\/01\/12.01.25-37.jpg?ssl=1\"><img loading=\"lazy\" width=\"300\" height=\"200\" src=\"https:\/\/i0.wp.com\/igrejafamilialimeira.com.br\/site\/wp-content\/uploads\/2025\/01\/12.01.25-37.jpg?fit=300%2C200&amp;ssl=1\" class=\"attachment-medium size-medium\" alt=\"\" decoding=\"async\" srcset=\"https:\/\/i0.wp.com\/igrejafamilialimeira.com.br\/site\/wp-content\/uploads\/2025\/01\/12.01.25-37.jpg?w=2048&amp;ssl=1 2048w, https:\/\/i0.wp.com\/igrejafamilialimeira.com.br\/site\/wp-content\/uploads\/2025\/01\/12.01.25-37.jpg?resize=300%2C200&amp;ssl=1 300w, https:\/\/i0.wp.com\/igrejafamilialimeira.com.br\/site\/wp-content\/uploads\/2025\/01\/12.01.25-37.jpg?resize=1024%2C683&amp;ssl=1 1024w, https:\/\/i0.wp.com\/igrejafamilialimeira.com.br\/site\/wp-content\/uploads\/2025\/01\/12.01.25-37.jpg?resize=768%2C512&amp;ssl=1 768w, https:\/\/i0.wp.com\/igrejafamilialimeira.com.br\/site\/wp-content\/uploads\/2025\/01\/12.01.25-37.jpg?resize=600%2C400&amp;ssl=1 600w, https:\/\/i0.wp.com\/igrejafamilialimeira.com.br\/site\/wp-content\/uploads\/2025\/01\/12.01.25-37.jpg?resize=1536%2C1024&amp;ssl=1 1536w, https:\/\/i0.wp.com\/igrejafamilialimeira.com.br\/site\/wp-content\/uploads\/2025\/01\/12.01.25-37.jpg?resize=958%2C639&amp;ssl=1 958w, https:\/\/i0.wp.com\/igrejafamilialimeira.com.br\/site\/wp-content\/uploads\/2025\/01\/12.01.25-37.jpg?w=1360&amp;ssl=1 1360w\" sizes=\"(max-width: 300px) 100vw, 300px\" \/><\/a>\n\t\t\t<\/div><\/figure><figure class='gallery-item'>\n\t\t\t<div class='gallery-icon landscape'>\n\t\t\t\t<a data-elementor-open-lightbox=\"yes\" data-elementor-lightbox-slideshow=\"e09a77c\" data-elementor-lightbox-title=\"26.01.25-11\" data-e-action-hash=\"#elementor-action%3Aaction%3Dlightbox%26settings%3DeyJpZCI6MzMwMiwidXJsIjoiaHR0cHM6XC9cL2lncmVqYWZhbWlsaWFsaW1laXJhLmNvbS5iclwvc2l0ZVwvd3AtY29udGVudFwvdXBsb2Fkc1wvMjAyNVwvMDFcLzI2LjAxLjI1LTExLmpwZyIsInNsaWRlc2hvdyI6ImUwOWE3N2MifQ%3D%3D\" href=\"https:\/\/i0.wp.com\/igrejafamilialimeira.com.br\/site\/wp-content\/uploads\/2025\/01\/26.01.25-11.jpg?ssl=1\"><img loading=\"lazy\" width=\"300\" height=\"200\" src=\"https:\/\/i0.wp.com\/igrejafamilialimeira.com.br\/site\/wp-content\/uploads\/2025\/01\/26.01.25-11.jpg?fit=300%2C200&amp;ssl=1\" class=\"attachment-medium size-medium\" alt=\"\" decoding=\"async\" srcset=\"https:\/\/i0.wp.com\/igrejafamilialimeira.com.br\/site\/wp-content\/uploads\/2025\/01\/26.01.25-11.jpg?w=2048&amp;ssl=1 2048w, https:\/\/i0.wp.com\/igrejafamilialimeira.com.br\/site\/wp-content\/uploads\/2025\/01\/26.01.25-11.jpg?resize=300%2C200&amp;ssl=1 300w, https:\/\/i0.wp.com\/igrejafamilialimeira.com.br\/site\/wp-content\/uploads\/2025\/01\/26.01.25-11.jpg?resize=1024%2C683&amp;ssl=1 1024w, https:\/\/i0.wp.com\/igrejafamilialimeira.com.br\/site\/wp-content\/uploads\/2025\/01\/26.01.25-11.jpg?resize=768%2C512&amp;ssl=1 768w, https:\/\/i0.wp.com\/igrejafamilialimeira.com.br\/site\/wp-content\/uploads\/2025\/01\/26.01.25-11.jpg?resize=600%2C400&amp;ssl=1 600w, https:\/\/i0.wp.com\/igrejafamilialimeira.com.br\/site\/wp-content\/uploads\/2025\/01\/26.01.25-11.jpg?resize=1536%2C1024&amp;ssl=1 1536w, https:\/\/i0.wp.com\/igrejafamilialimeira.com.br\/site\/wp-content\/uploads\/2025\/01\/26.01.25-11.jpg?resize=958%2C639&amp;ssl=1 958w, https:\/\/i0.wp.com\/igrejafamilialimeira.com.br\/site\/wp-content\/uploads\/2025\/01\/26.01.25-11.jpg?w=1360&amp;ssl=1 1360w\" sizes=\"(max-width: 300px) 100vw, 300px\" \/><\/a>\n\t\t\t<\/div><\/figure><figure class='gallery-item'>\n\t\t\t<div class='gallery-icon landscape'>\n\t\t\t\t<a data-elementor-open-lightbox=\"yes\" data-elementor-lightbox-slideshow=\"e09a77c\" data-elementor-lightbox-title=\"29.12.24-16\" data-e-action-hash=\"#elementor-action%3Aaction%3Dlightbox%26settings%3DeyJpZCI6MzMwNiwidXJsIjoiaHR0cHM6XC9cL2lncmVqYWZhbWlsaWFsaW1laXJhLmNvbS5iclwvc2l0ZVwvd3AtY29udGVudFwvdXBsb2Fkc1wvMjAyNVwvMDFcLzI5LjEyLjI0LTE2LmpwZyIsInNsaWRlc2hvdyI6ImUwOWE3N2MifQ%3D%3D\" href=\"https:\/\/i0.wp.com\/igrejafamilialimeira.com.br\/site\/wp-content\/uploads\/2025\/01\/29.12.24-16.jpg?ssl=1\"><img loading=\"lazy\" width=\"300\" height=\"200\" src=\"https:\/\/i0.wp.com\/igrejafamilialimeira.com.br\/site\/wp-content\/uploads\/2025\/01\/29.12.24-16.jpg?fit=300%2C200&amp;ssl=1\" class=\"attachment-medium size-medium\" alt=\"\" decoding=\"async\" srcset=\"https:\/\/i0.wp.com\/igrejafamilialimeira.com.br\/site\/wp-content\/uploads\/2025\/01\/29.12.24-16.jpg?w=2048&amp;ssl=1 2048w, https:\/\/i0.wp.com\/igrejafamilialimeira.com.br\/site\/wp-content\/uploads\/2025\/01\/29.12.24-16.jpg?resize=300%2C200&amp;ssl=1 300w, https:\/\/i0.wp.com\/igrejafamilialimeira.com.br\/site\/wp-content\/uploads\/2025\/01\/29.12.24-16.jpg?resize=1024%2C683&amp;ssl=1 1024w, https:\/\/i0.wp.com\/igrejafamilialimeira.com.br\/site\/wp-content\/uploads\/2025\/01\/29.12.24-16.jpg?resize=768%2C512&amp;ssl=1 768w, https:\/\/i0.wp.com\/igrejafamilialimeira.com.br\/site\/wp-content\/uploads\/2025\/01\/29.12.24-16.jpg?resize=600%2C400&amp;ssl=1 600w, https:\/\/i0.wp.com\/igrejafamilialimeira.com.br\/site\/wp-content\/uploads\/2025\/01\/29.12.24-16.jpg?resize=1536%2C1024&amp;ssl=1 1536w, https:\/\/i0.wp.com\/igrejafamilialimeira.com.br\/site\/wp-content\/uploads\/2025\/01\/29.12.24-16.jpg?resize=958%2C639&amp;ssl=1 958w, https:\/\/i0.wp.com\/igrejafamilialimeira.com.br\/site\/wp-content\/uploads\/2025\/01\/29.12.24-16.jpg?w=1360&amp;ssl=1 1360w\" sizes=\"(max-width: 300px) 100vw, 300px\" \/><\/a>\n\t\t\t<\/div><\/figure><figure class='gallery-item'>\n\t\t\t<div class='gallery-icon landscape'>\n\t\t\t\t<a data-elementor-open-lightbox=\"yes\" data-elementor-lightbox-slideshow=\"e09a77c\" data-elementor-lightbox-title=\"12.01.25-30\" data-e-action-hash=\"#elementor-action%3Aaction%3Dlightbox%26settings%3DeyJpZCI6MzI5OSwidXJsIjoiaHR0cHM6XC9cL2lncmVqYWZhbWlsaWFsaW1laXJhLmNvbS5iclwvc2l0ZVwvd3AtY29udGVudFwvdXBsb2Fkc1wvMjAyNVwvMDFcLzEyLjAxLjI1LTMwLmpwZyIsInNsaWRlc2hvdyI6ImUwOWE3N2MifQ%3D%3D\" href=\"https:\/\/i0.wp.com\/igrejafamilialimeira.com.br\/site\/wp-content\/uploads\/2025\/01\/12.01.25-30.jpg?ssl=1\"><img loading=\"lazy\" width=\"300\" height=\"200\" src=\"https:\/\/i0.wp.com\/igrejafamilialimeira.com.br\/site\/wp-content\/uploads\/2025\/01\/12.01.25-30.jpg?fit=300%2C200&amp;ssl=1\" class=\"attachment-medium size-medium\" alt=\"\" decoding=\"async\" srcset=\"https:\/\/i0.wp.com\/igrejafamilialimeira.com.br\/site\/wp-content\/uploads\/2025\/01\/12.01.25-30.jpg?w=2048&amp;ssl=1 2048w, https:\/\/i0.wp.com\/igrejafamilialimeira.com.br\/site\/wp-content\/uploads\/2025\/01\/12.01.25-30.jpg?resize=300%2C200&amp;ssl=1 300w, https:\/\/i0.wp.com\/igrejafamilialimeira.com.br\/site\/wp-content\/uploads\/2025\/01\/12.01.25-30.jpg?resize=1024%2C683&amp;ssl=1 1024w, https:\/\/i0.wp.com\/igrejafamilialimeira.com.br\/site\/wp-content\/uploads\/2025\/01\/12.01.25-30.jpg?resize=768%2C512&amp;ssl=1 768w, https:\/\/i0.wp.com\/igrejafamilialimeira.com.br\/site\/wp-content\/uploads\/2025\/01\/12.01.25-30.jpg?resize=600%2C400&amp;ssl=1 600w, https:\/\/i0.wp.com\/igrejafamilialimeira.com.br\/site\/wp-content\/uploads\/2025\/01\/12.01.25-30.jpg?resize=1536%2C1024&amp;ssl=1 1536w, https:\/\/i0.wp.com\/igrejafamilialimeira.com.br\/site\/wp-content\/uploads\/2025\/01\/12.01.25-30.jpg?resize=958%2C639&amp;ssl=1 958w, https:\/\/i0.wp.com\/igrejafamilialimeira.com.br\/site\/wp-content\/uploads\/2025\/01\/12.01.25-30.jpg?w=1360&amp;ssl=1 1360w\" sizes=\"(max-width: 300px) 100vw, 300px\" \/><\/a>\n\t\t\t<\/div><\/figure><figure class='gallery-item'>\n\t\t\t<div class='gallery-icon landscape'>\n\t\t\t\t<a data-elementor-open-lightbox=\"yes\" data-elementor-lightbox-slideshow=\"e09a77c\" data-elementor-lightbox-title=\"19.01.25-19\" data-e-action-hash=\"#elementor-action%3Aaction%3Dlightbox%26settings%3DeyJpZCI6MzMwNSwidXJsIjoiaHR0cHM6XC9cL2lncmVqYWZhbWlsaWFsaW1laXJhLmNvbS5iclwvc2l0ZVwvd3AtY29udGVudFwvdXBsb2Fkc1wvMjAyNVwvMDFcLzE5LjAxLjI1LTE5LmpwZyIsInNsaWRlc2hvdyI6ImUwOWE3N2MifQ%3D%3D\" href=\"https:\/\/i0.wp.com\/igrejafamilialimeira.com.br\/site\/wp-content\/uploads\/2025\/01\/19.01.25-19.jpg?ssl=1\"><img loading=\"lazy\" width=\"300\" height=\"200\" src=\"https:\/\/i0.wp.com\/igrejafamilialimeira.com.br\/site\/wp-content\/uploads\/2025\/01\/19.01.25-19.jpg?fit=300%2C200&amp;ssl=1\" class=\"attachment-medium size-medium\" alt=\"\" decoding=\"async\" srcset=\"https:\/\/i0.wp.com\/igrejafamilialimeira.com.br\/site\/wp-content\/uploads\/2025\/01\/19.01.25-19.jpg?w=2048&amp;ssl=1 2048w, https:\/\/i0.wp.com\/igrejafamilialimeira.com.br\/site\/wp-content\/uploads\/2025\/01\/19.01.25-19.jpg?resize=300%2C200&amp;ssl=1 300w, https:\/\/i0.wp.com\/igrejafamilialimeira.com.br\/site\/wp-content\/uploads\/2025\/01\/19.01.25-19.jpg?resize=1024%2C683&amp;ssl=1 1024w, https:\/\/i0.wp.com\/igrejafamilialimeira.com.br\/site\/wp-content\/uploads\/2025\/01\/19.01.25-19.jpg?resize=768%2C512&amp;ssl=1 768w, https:\/\/i0.wp.com\/igrejafamilialimeira.com.br\/site\/wp-content\/uploads\/2025\/01\/19.01.25-19.jpg?resize=600%2C400&amp;ssl=1 600w, https:\/\/i0.wp.com\/igrejafamilialimeira.com.br\/site\/wp-content\/uploads\/2025\/01\/19.01.25-19.jpg?resize=1536%2C1024&amp;ssl=1 1536w, https:\/\/i0.wp.com\/igrejafamilialimeira.com.br\/site\/wp-content\/uploads\/2025\/01\/19.01.25-19.jpg?resize=958%2C639&amp;ssl=1 958w, https:\/\/i0.wp.com\/igrejafamilialimeira.com.br\/site\/wp-content\/uploads\/2025\/01\/19.01.25-19.jpg?w=1360&amp;ssl=1 1360w\" sizes=\"(max-width: 300px) 100vw, 300px\" \/><\/a>\n\t\t\t<\/div><\/figure>\n\t\t<\/div>\n\t\t<\/div>\n\t\t\t\t\t\t<\/div>\n\t\t\t\t<\/div>\n\t\t\t\t\t<\/div>\n\t\t\t\t<\/div>\n\t\t\t\t<\/div>\n\t\t","protected":false},"excerpt":{"rendered":"<p>Igreja da Crian\u00e7a \u2013 Um Lugar Especial para os Pequenos A Igreja da Crian\u00e7a \u00e9 um espa\u00e7o preparado com carinho para que os pequenos tenham [&hellip;]<\/p>\n","protected":false},"author":1,"featured_media":0,"parent":0,"menu_order":0,"comment_status":"closed","ping_status":"closed","template":"","meta":{"advanced_seo_description":"","jetpack_seo_html_title":"","jetpack_seo_noindex":false,"footnotes":""},"class_list":["post-3278","page","type-page","status-publish","hentry"],"jetpack_sharing_enabled":true,"jetpack-related-posts":[],"jetpack_shortlink":"https:\/\/wp.me\/PgkQBV-QS","_links":{"self":[{"href":"https:\/\/igrejafamilialimeira.com.br\/site\/wp-json\/wp\/v2\/pages\/3278","targetHints":{"allow":["GET"]}}],"collection":[{"href":"https:\/\/igrejafamilialimeira.com.br\/site\/wp-json\/wp\/v2\/pages"}],"about":[{"href":"https:\/\/igrejafamilialimeira.com.br\/site\/wp-json\/wp\/v2\/types\/page"}],"author":[{"embeddable":true,"href":"https:\/\/igrejafamilialimeira.com.br\/site\/wp-json\/wp\/v2\/users\/1"}],"replies":[{"embeddable":true,"href":"https:\/\/igrejafamilialimeira.com.br\/site\/wp-json\/wp\/v2\/comments?post=3278"}],"version-history":[{"count":0,"href":"https:\/\/igrejafamilialimeira.com.br\/site\/wp-json\/wp\/v2\/pages\/3278\/revisions"}],"wp:attachment":[{"href":"https:\/\/igrejafamilialimeira.com.br\/site\/wp-json\/wp\/v2\/media?parent=3278"}],"curies":[{"name":"wp","href":"https:\/\/api.w.org\/{rel}","templated":true}]}}